tiple of 14?
True
Is 575028 a multiple of 233?
False
Is 245700 a multiple of 180?
True
Is 33485 a multiple of 33?
False
Is 49 a factor of 8214133?
False
Is 5307093 a multiple of 392?
False
Does 243 divide 2648871?
False
Does 520 divide 15259400?
True
Does 4 divide 491936?
True
Is 475282 a multiple of 160?
False
Is 872999 a multiple of 33?
False
Is 137282 a multiple of 166?
True
Does 36 divide 123598?
False
Is 4 a factor of 24460?
True
Is 9908025 a multiple of 51?
True
Does 5 divide 93242?
False
Is 5 a factor of 68540?
True
Does 11 divide 293659?
False
Does 8 divide 19272?
True
Is 292770 a multiple of 24?
False
Does 45 divide 9627907?
False
Is 805520 a multiple of 504?
False
Does 81 divide 14789?
False
Is 1152 a factor of 7981056?
True
Is 135 a factor of 1893780?
True
Does 5 divide 24905?
True
Does 90 divide 275237?
False
Is 483 a factor of 2191371?
True
Is 419 a factor of 501543?
True
Is 544856 a multiple of 676?
True
Does 101 divide 278032?
False
Does 17 divide 194888?
True
Is 32 a factor of 1726196?
False
Does 8 divide 36325?
False
Is 197 a factor of 6107?
True
Does 50 divide 611502?
False
Is 82 a factor of 379581?
False
Does 98 divide 9139430?
False
Is 10 a factor of 321920?
True
Is 606 a factor of 839310?
True
Does 266 divide 11885146?
True
Is 682 a factor of 1139622?
True
Does 101 divide 160745?
False
Is 128 a factor of 507822?
False
Is 1031877 a multiple of 231?
True
Is 1211902 a multiple of 274?
True
Does 387 divide 1993824?
True
Does 48 divide 244560?
True
Is 12 a factor of 386160?
True
Is 87 a factor of 335211?
True
Is 163 a factor of 18078982?
True
Does 2 divide 962596?
True
Is 363006 a multiple of 60?
False
Is 17 a factor of 142409?
True
Is 10 a factor of 466676?
False
Does 39 divide 472732?
False
Is 74 a factor of 559366?
True
Does 36 divide 19559?
False
Is 91409 a multiple of 42?
False
Is 18 a factor of 6654406?
False
Is 212230 a multiple of 10?
True
Is 5396718 a multiple of 7?
False
Is 4 a factor of 6084?
True
Is 4057213 a multiple of 28?
False
Does 14 divide 324715?
False
Is 25 a factor of 9940225?
True
Is 206 a factor of 2278496?
False
Does 349 divide 193695?
True
Does 182 divide 2639000?
True
Is 10080 a multiple of 14?
True
Is 912641 a multiple of 538?
False
Is 9 a factor of 48400?
False
Does 245 divide 17150?
True
Does 2 divide 129236?
True
Is 4169025 a multiple of 17?
False
Is 111 a factor of 827838?
True
Is 179648 a multiple of 64?
True
Is 815134 a multiple of 41?
False
Does 120 divide 13018680?
True
Is 137075 a multiple of 58?
False
Does 251 divide 10682440?
False
Does 24 divide 40233646?
False
Is 1268541 a multiple of 13?
False
Does 212 divide 102889?
False
Does 11 divide 269170?
True
Does 747 divide 4111488?
True
Does 157 divide 89490?
True
Is 41703 a multiple of 57?
False
Does 120 divide 117000?
True
Does 12 divide 729512?
False
Does 91 divide 2479618?
False
Does 44 divide 62341?
False
Is 564 a factor of 1118412?
True
Is 10 a factor of 499806?
False
Is 11 a factor of 50008?
False
Is 1166204 a multiple of 14?
False
Is 508 a factor of 10377424?
True
Is 13 a factor of 96850?
True
Is 52 a factor of 429312?
True
Is 577 a factor of 154752?
False
Does 83 divide 1708195?
False
Is 1171392 a multiple of 546?
False
Is 400980 a multiple of 41?
True
Is 1407193 a multiple of 104?
False
Is 40 a factor of 30117?
False
Is 155 a factor of 65720?
True
Does 8 divide 141600?
True
Is 12 a factor of 93544?
False
Does 2 divide 157065?
False
Is 299158 a multiple of 38?
False
Does 9 divide 3209100?
False
Does 13 divide 10375977?
False
Is 8 a factor of 6363397?
False
Does 53 divide 67787?
True
Does 36 divide 120499?
False
Is 1021 a factor of 1248683?
True
Is 40368 even?
True
Is 66933 a multiple of 37?
True
Is 2633133 even?
False
Is 9 a factor of 74565?
True
Is 860 a factor of 3769824?
False
Does 432 divide 329917?
False
Does 5 divide 152328?
False
Is 3876174 a multiple of 639?
True
Does 8 divide 684192?
True
Does 6 divide 201342?
True
Does 681 divide 14549708?
False
Does 81 divide 782460?
True
Is 320756 a multiple of 406?
False
Is 1709402 a multiple of 241?
False
Is 43 a factor of 9933?
True
Is 1692 a factor of 3604076?
False
Does 20 divide 33880?
True
Is 4587 a multiple of 53?
False
Is 182 a factor of 81354?
True
Is 98 a factor of 5722346?
False
Is 867724 a multiple of 143?
True
Is 271670 a multiple of 10?
True
Is 1319913 a multiple of 9?
True
Is 490191 a multiple of 163?
False
Does 283 divide 1061918?
False
Is 96 a factor of 118552?
False
Is 511320 a multiple of 12?
True
Is 368 a factor of 110431?
False
Is 58968 a multiple of 6?
True
Does 53 divide 760020?
True
Does 6 divide 15343?
False
Is 21 a factor of 31017?
True
Is 585707 a multiple of 112?
False
Is 29 a factor of 292290?
False
Is 218269 a multiple of 2?
False
Does 3 divide 1237461?
True
Does 55 divide 145448?
False
Is 10 a factor of 86121?
False
Does 164 divide 80852?
True
Is 1488161 a multiple of 47?
True
Is 15197531 a multiple of 173?
True
Is 508 a factor of 466344?
True
Is 583 a factor of 2593767?
True
Is 626559 a multiple of 42?
False
Is 20 a factor of 624740?
True
Does 340 divide 2132005?
False
Does 988 divide 280938?
False
Does 90 divide 597363?
False
Is 690552 a multiple of 6?
True
Is 18516 a multiple of 13?
False
Does 32 divide 584512?
True
Is 57056 a multiple of 6?
False
Is 75 a factor of 760875?
True
Is 17 a factor of 3576899?
False
Does 74 divide 214970?
True
Does 177 divide 1210857?
True
Is 73 a factor of 257385?
False
Is 1462528 a multiple of 39?
False
Does 88 divide 105530?
False
Does 20 divide 138540?
True
Is 30 a factor of 2075380?
False
Is 128 a factor of 447232?
True
Is 786 a factor of 2500755?
False
Is 869 a factor of 2494030?
True
Is 32 a factor of 294816?
True
Is 126 a factor of 908586?
True
Is 5415108 a multiple of 28?
False
Is 8 a factor of 20011?
False
Is 480801 a multiple of 2?
False
Is 165033 a multiple of 209?
False
Is 91803 a multiple of 71?
True
Does 1655 divide 4620760?
True
Is 381 a factor of 803090?
False
Is 12 a factor of 6002022?
False
Does 98 divide 793016?
True
Is 33 a factor of 176184?
False
Does 35 divide 91430?
False
Is 47296 a multiple of 6?
False
Is 150937 even?
False
Is 921360 a multiple of 12?
True
Is 215455 a multiple of 41?
True
Does 16 divide 87344?
True
Does 118 divide 133183?
False
Is 8 a factor of 178200?
True
Does 64 divide 147392?
True
Is 1232736 a multiple of 96?
True
Is 207023 even?
False
Is 112 a factor of 126112?
True
Is 56 a factor of 1740951?
False
Is 383 a factor of 13018936?
True
Is 128 a factor of 1205812?
False
Is 960789 a multiple of 51?
True
Does 988 divide 7067448?
False
Is 2465002 a multiple of 82?
True
Is 375 a factor of 4678500?
True
Is 32 a factor of 1344?
True
Does 11 divide 2931848?
False
Is 111 a factor of 149628?
True
Is 1441300 a multiple of 29?
True
Is 9 a factor of 9363699?
True
Does 33 divide 691779?
True
Is 9 a factor of 197019?
True
Is 281106 a multiple of 42?
True
Is 158 a factor of 122608?
True
Does 7 divide 356272?
True
Is 10 a factor of 110590?
True
Does 187 divide 20975?
False
Is 10 a factor of 84020?
True
Does 100 divide 26900?
True
Is 4513797 a multiple of 508?
False
Is 12 a factor of 999060?
True
Is 384 a factor of 14631126?
False
Is 2020 a factor of 20248249?
False
Does 381 divide 244042?
False
Is 1559145 a multiple of 153?
False
Does 617 divide 1014965?
True
Is 137 a factor of 13555054?
True
Is 1129576 a multiple of 161?
True
Is 118940 a multiple of 38?
True
Does 612 divide 391823?
False
Does 51 divide 851117?
False
Is 171310 a multiple of 5?
True
Is 11 a factor of 2881912?
True
Is 119 a factor of 19218992?
False
Does 802 divide 295480?
False
Is 10 a factor of 67870?
True
Does 11 divide 45441?
True
Does 42 divide 2231724?
False
Does 3 divide 316277?
False
Does 112 divide 417727?
False
Is 52 a factor of 1162512?
True
Is 270 a factor of 1213920?
True
Is 20356 a multiple of 14?
True
Is 157 a factor of 14630516?
True
Is 26416598 a multiple of 267?
False
Is 15 a factor of 1645080?
True
Is 14670 a multiple of 49?
False
Does 226 divide 708442?
False
Does 464 divide 541488?
True
Is 61 a factor of 752024?
False
Does 568 divide 2598600?
True
Does 487 divide 448040?
True
Does 5 divide 399465?
True
Does 67 divide 5329104?
False
Does 58 divide 2683223?
False
Is 298260 a multiple of 3?
True
Is 3210 a multiple o